{"id":120,"date":"2024-10-01T06:29:30","date_gmt":"2024-10-01T03:29:30","guid":{"rendered":"https:\/\/ozganyapi.com\/?page_id=120"},"modified":"2025-01-28T01:50:40","modified_gmt":"2025-01-27T22:50:40","slug":"all-completed-projects","status":"publish","type":"page","link":"https:\/\/ozganyapi.com\/index.php\/all-completed-projects\/","title":{"rendered":"Tamamlanan T\u00fcm Projeler"},"content":{"rendered":"\n<h3 class=\"wp-block-heading\"><mark>Tamamlanan T\u00fcm Projeler<\/mark><\/h3>\n\n\n\n<figure class=\"wp-block-image\"><img loading=\"lazy\" decoding=\"async\" width=\"600\" height=\"450\" src=\"https:\/\/ozganyapi.com\/wp-content\/uploads\/2024\/10\/MAVISEHIR-1-1.jpg\" alt=\"\" class=\"wp-image-125\" srcset=\"https:\/\/ozganyapi.com\/wp-content\/uploads\/2024\/10\/MAVISEHIR-1-1.jpg 600w, https:\/\/ozganyapi.com\/wp-content\/uploads\/2024\/10\/MAVISEHIR-1-1-300x225.jpg 300w\" sizes=\"auto, (max-width: 600px) 100vw, 600px\" \/><\/figure>\n\n\n\n<h5 class=\"wp-block-heading\"><strong>2008-2010 y\u0131llar\u0131 aras\u0131nda \u0130zmir Mavi \u015eehir Emlak Konut Gayrimenkul Yat\u0131r\u0131m Ortakl\u0131\u011f\u0131 ve Bozo\u011flu aras\u0131nda imzalanan s\u00f6zle\u015fmeye dayanarak 750 l\u00fcks konut in\u015faat\u0131n\u0131n Y\u00f6netilmesi<\/strong><\/h5>\n\n\n\n<figure class=\"wp-block-image\"><img loading=\"lazy\" decoding=\"async\" width=\"656\" height=\"352\" src=\"https:\/\/ozganyapi.com\/wp-content\/uploads\/2024\/10\/IZMIR-MAVISEHIR-94-DAIRE-1.jpg\" alt=\"\" class=\"wp-image-127\" srcset=\"https:\/\/ozganyapi.com\/wp-content\/uploads\/2024\/10\/IZMIR-MAVISEHIR-94-DAIRE-1.jpg 656w, https:\/\/ozganyapi.com\/wp-content\/uploads\/2024\/10\/IZMIR-MAVISEHIR-94-DAIRE-1-300x161.jpg 300w\" sizes=\"auto, (max-width: 656px) 100vw, 656px\" \/><\/figure>\n\n\n\n<h5 class=\"wp-block-heading\"><strong>2009-2010 y\u0131llar\u0131 aras\u0131nda \u0130zmir Mavi\u015fehir\u2019de 94 daireli, 18 katl\u0131 bir bina i\u00e7in mimari, beton, statik, elektrik, elektronik ve mekanik projelerin tamamlanarak belediye ruhsatlar\u0131n\u0131n al\u0131nmas\u0131 ve kaba in\u015faat\u0131n ba\u015flat\u0131lmas\u0131<\/strong><\/h5>\n\n\n\n<figure class=\"wp-block-image\"><img loading=\"lazy\" decoding=\"async\" width=\"560\" height=\"356\" src=\"https:\/\/ozganyapi.com\/wp-content\/uploads\/2024\/10\/IZMIR-INCEPLAZA.jpg\" alt=\"\" class=\"wp-image-128\" srcset=\"https:\/\/ozganyapi.com\/wp-content\/uploads\/2024\/10\/IZMIR-INCEPLAZA.jpg 560w, https:\/\/ozganyapi.com\/wp-content\/uploads\/2024\/10\/IZMIR-INCEPLAZA-300x191.jpg 300w\" sizes=\"auto, (max-width: 560px) 100vw, 560px\" \/><\/figure>\n\n\n\n<h5 class=\"wp-block-heading\"><strong>2009-2010 y\u0131llar\u0131 aras\u0131nda \u0130zmir Bornova\u2019da \u0130nce Yap\u0131 Plaza (104 ofis) \u0130\u015f Merkezi in\u015faat\u0131, ince i\u015flerin tamamlanmas\u0131<\/strong><\/h5>\n\n\n\n<figure class=\"wp-block-image\"><img loading=\"lazy\" decoding=\"async\" width=\"660\" height=\"356\" src=\"https:\/\/ozganyapi.com\/wp-content\/uploads\/2024\/10\/IZMIR-YESILOVA-64-DAIRE-2.jpg\" alt=\"\" class=\"wp-image-130\" srcset=\"https:\/\/ozganyapi.com\/wp-content\/uploads\/2024\/10\/IZMIR-YESILOVA-64-DAIRE-2.jpg 660w, https:\/\/ozganyapi.com\/wp-content\/uploads\/2024\/10\/IZMIR-YESILOVA-64-DAIRE-2-300x162.jpg 300w\" sizes=\"auto, (max-width: 660px) 100vw, 660px\" \/><\/figure>\n\n\n\n<h5 class=\"wp-block-heading\"><strong>2009-2010 y\u0131llar\u0131 aras\u0131nda \u0130zmir Ye\u015filova\u2019da 64 konutun mimari, Betonarme, statik, elektrik ve mekanik projelerinin tamamlanarak, belediye ruhsatlar\u0131n\u0131n al\u0131nmas\u0131yla kaba in\u015faat\u0131n ba\u015flat\u0131lmas\u0131<\/strong><\/h5>\n\n\n\n<figure class=\"wp-block-image\"><img loading=\"lazy\" decoding=\"async\" width=\"1024\" height=\"593\" src=\"https:\/\/ozganyapi.com\/wp-content\/uploads\/2024\/10\/urfa1-1-1024x593.webp\" alt=\"\" class=\"wp-image-135\" srcset=\"https:\/\/ozganyapi.com\/wp-content\/uploads\/2024\/10\/urfa1-1-1024x593.webp 1024w, https:\/\/ozganyapi.com\/wp-content\/uploads\/2024\/10\/urfa1-1-300x174.webp 300w, https:\/\/ozganyapi.com\/wp-content\/uploads\/2024\/10\/urfa1-1-768x445.webp 768w, https:\/\/ozganyapi.com\/wp-content\/uploads\/2024\/10\/urfa1-1.webp 1200w\" sizes=\"auto, (max-width: 1024px) 100vw, 1024px\" \/><\/figure>\n\n\n\n<h5 class=\"wp-block-heading\"><strong>2008-2010 y\u0131llar\u0131 aras\u0131nda \u015eanl\u0131urfa Olimpiyat Stadyumu\u2019ndaki eksik \u00fcretimler tamamlanarak teslim edilmi\u015ftir.<\/strong><\/h5>\n\n\n\n<figure class=\"wp-block-image\"><img loading=\"lazy\" decoding=\"async\" width=\"277\" height=\"182\" src=\"https:\/\/ozganyapi.com\/wp-content\/uploads\/2024\/10\/amasya.jpeg\" alt=\"\" class=\"wp-image-136\"\/><\/figure>\n\n\n\n<h5 class=\"wp-block-heading\"><strong>2008-2009 y\u0131llar\u0131 aras\u0131nda Amasya Karayolu in\u015faat\u0131 tamamlanm\u0131\u015ft\u0131r.<\/strong><\/h5>\n\n\n\n<figure class=\"wp-block-image\"><img loading=\"lazy\" decoding=\"async\" width=\"768\" height=\"1024\" src=\"https:\/\/ozganyapi.com\/wp-content\/uploads\/2024\/10\/BAGLICA-AFSAROGLU-KONAKLARI-2-768x1024.jpg\" alt=\"\" class=\"wp-image-137\" srcset=\"https:\/\/ozganyapi.com\/wp-content\/uploads\/2024\/10\/BAGLICA-AFSAROGLU-KONAKLARI-2-768x1024.jpg 768w, https:\/\/ozganyapi.com\/wp-content\/uploads\/2024\/10\/BAGLICA-AFSAROGLU-KONAKLARI-2-225x300.jpg 225w, https:\/\/ozganyapi.com\/wp-content\/uploads\/2024\/10\/BAGLICA-AFSAROGLU-KONAKLARI-2.jpg 960w\" sizes=\"auto, (max-width: 768px) 100vw, 768px\" \/><\/figure>\n\n\n\n<h5 class=\"wp-block-heading\"><strong>2012 y\u0131l\u0131nda S.S. Ufuk Konut Yap\u0131 Kooperatifi taraf\u0131ndan Ba\u011fl\u0131ca\u2019da bulunan 72 villan\u0131n dekorasyon ve yenileme \u00e7al\u0131\u015fmalar\u0131 yap\u0131lm\u0131\u015ft\u0131r.<\/strong><\/h5>\n\n\n\n<figure class=\"wp-block-image\"><img loading=\"lazy\" decoding=\"async\" width=\"655\" height=\"437\" src=\"https:\/\/ozganyapi.com\/wp-content\/uploads\/2024\/10\/ISTANBUL-SEHRIZAR.jpg\" alt=\"\" class=\"wp-image-138\" srcset=\"https:\/\/ozganyapi.com\/wp-content\/uploads\/2024\/10\/ISTANBUL-SEHRIZAR.jpg 655w, https:\/\/ozganyapi.com\/wp-content\/uploads\/2024\/10\/ISTANBUL-SEHRIZAR-300x200.jpg 300w\" sizes=\"auto, (max-width: 655px) 100vw, 655px\" \/><\/figure>\n\n\n\n<h5 class=\"wp-block-heading\"><strong>\u0130stanbul Altunizade\u2019de, Emlak Konut GYO ve GAP \u0130n\u015faat aras\u0131nda imzalanan s\u00f6zle\u015fmeye g\u00f6re, 208 konutluk \u015eehrizar Konaklar\u0131 projesinde, gazbeton duvar \u00fcretim \u00e7al\u0131\u015fmalar\u0131 yap\u0131lm\u0131\u015ft\u0131r.<\/strong><\/h5>\n\n\n\n<figure class=\"wp-block-image\"><img loading=\"lazy\" decoding=\"async\" width=\"1024\" height=\"576\" src=\"https:\/\/ozganyapi.com\/wp-content\/uploads\/2024\/10\/ERYAMAN-STAD-1-1024x576.jpg\" alt=\"\" class=\"wp-image-139\" srcset=\"https:\/\/ozganyapi.com\/wp-content\/uploads\/2024\/10\/ERYAMAN-STAD-1-1024x576.jpg 1024w, https:\/\/ozganyapi.com\/wp-content\/uploads\/2024\/10\/ERYAMAN-STAD-1-300x169.jpg 300w, https:\/\/ozganyapi.com\/wp-content\/uploads\/2024\/10\/ERYAMAN-STAD-1-768x432.jpg 768w, https:\/\/ozganyapi.com\/wp-content\/uploads\/2024\/10\/ERYAMAN-STAD-1.jpg 1436w\" sizes=\"auto, (max-width: 1024px) 100vw, 1024px\" \/><\/figure>\n\n\n\n<h5 class=\"wp-block-heading\"><strong>2015-2016 y\u0131llar\u0131 aras\u0131nda Ankara B\u00fcy\u00fck\u015fehir Belediyesi Eryaman Stadyumu Projesi ger\u00e7ekle\u015ftirilmi\u015ftir.<\/strong><\/h5>\n\n\n\n<figure class=\"wp-block-image\"><img loading=\"lazy\" decoding=\"async\" width=\"800\" height=\"436\" src=\"https:\/\/ozganyapi.com\/wp-content\/uploads\/2024\/10\/KURTOGLU-INSAAT-CYRSTAL-TOWER-1.jpg\" alt=\"\" class=\"wp-image-140\" srcset=\"https:\/\/ozganyapi.com\/wp-content\/uploads\/2024\/10\/KURTOGLU-INSAAT-CYRSTAL-TOWER-1.jpg 800w, https:\/\/ozganyapi.com\/wp-content\/uploads\/2024\/10\/KURTOGLU-INSAAT-CYRSTAL-TOWER-1-300x164.jpg 300w, https:\/\/ozganyapi.com\/wp-content\/uploads\/2024\/10\/KURTOGLU-INSAAT-CYRSTAL-TOWER-1-768x419.jpg 768w\" sizes=\"auto, (max-width: 800px) 100vw, 800px\" \/><\/figure>\n\n\n\n<h5 class=\"wp-block-heading\"><strong>2013 y\u0131l\u0131nda Kurto\u011flu \u0130n\u015faat taraf\u0131ndan yap\u0131lan \u201cCrystal Tower\u201d projesinde, 240 daire i\u00e7in duvar ka\u011f\u0131d\u0131 ve parke d\u00f6\u015feme i\u015fleri ger\u00e7ekle\u015ftirilmi\u015ftir.<\/strong><\/h5>\n\n\n\n<figure class=\"wp-block-image\"><img loading=\"lazy\" decoding=\"async\" width=\"640\" height=\"708\" src=\"https:\/\/ozganyapi.com\/wp-content\/uploads\/2024\/10\/ALPEREN-SITESI.jpg\" alt=\"\" class=\"wp-image-141\" srcset=\"https:\/\/ozganyapi.com\/wp-content\/uploads\/2024\/10\/ALPEREN-SITESI.jpg 640w, https:\/\/ozganyapi.com\/wp-content\/uploads\/2024\/10\/ALPEREN-SITESI-271x300.jpg 271w\" sizes=\"auto, (max-width: 640px) 100vw, 640px\" \/><\/figure>\n\n\n\n<h5 class=\"wp-block-heading\"><strong>2012 y\u0131l\u0131nda Usta \u0130n\u015faat taraf\u0131ndan yap\u0131lan Alperen Sitesi\u2019ndeki 82 dairede, duvar ka\u011f\u0131d\u0131 ve parke d\u00f6\u015feme i\u015fleri yap\u0131lm\u0131\u015ft\u0131r.<\/strong><\/h5>\n\n\n\n<figure class=\"wp-block-image\"><img loading=\"lazy\" decoding=\"async\" width=\"347\" height=\"346\" src=\"http:\/\/ozganyapi.com\/wp-content\/uploads\/2024\/09\/OZGAN-LOGO-2.jpg\" alt=\"\" class=\"wp-image-11\" srcset=\"https:\/\/ozganyapi.com\/wp-content\/uploads\/2024\/09\/OZGAN-LOGO-2.jpg 347w, https:\/\/ozganyapi.com\/wp-content\/uploads\/2024\/09\/OZGAN-LOGO-2-300x300.jpg 300w, https:\/\/ozganyapi.com\/wp-content\/uploads\/2024\/09\/OZGAN-LOGO-2-150x150.jpg 150w\" sizes=\"auto, (max-width: 347px) 100vw, 347px\" \/><\/figure>\n\n\n\n<p><\/p>\n\n\n\n<h5 class=\"wp-block-heading has-text-align-right\"><strong><a href=\"https:\/\/ozganyapi.com\/index.php\/construction\/\">\u0130n\u015faat<\/a><\/strong><\/h5>\n\n\n\n<p><\/p>\n\n\n\n<p><\/p>\n\n\n\n<p><\/p>\n","protected":false},"excerpt":{"rendered":"<p>Tamamlanan T\u00fcm Projeler 2008-2010 y\u0131llar\u0131 aras\u0131nda \u0130zmir Mavi \u015eehir Emlak Konut Gayrimenkul Yat\u0131r\u0131m Ortakl\u0131\u011f\u0131 ve Bozo\u011flu aras\u0131nda imzalanan s\u00f6zle\u015fmeye dayanarak 750 l\u00fcks konut in\u015faat\u0131n\u0131n Y\u00f6netilmesi<span class=\"more-button\"><a href=\"https:\/\/ozganyapi.com\/index.php\/all-completed-projects\/\" class=\"more-link\">Continue reading<span class=\"screen-reader-text\">Tamamlanan T\u00fcm Projeler<\/span><\/a><\/span><\/p>\n","protected":false},"author":1,"featured_media":0,"parent":0,"menu_order":0,"comment_status":"closed","ping_status":"closed","template":"","meta":{"footnotes":""},"class_list":["post-120","page","type-page","status-publish","hentry"],"_links":{"self":[{"href":"https:\/\/ozganyapi.com\/index.php\/wp-json\/wp\/v2\/pages\/120","targetHints":{"allow":["GET"]}}],"collection":[{"href":"https:\/\/ozganyapi.com\/index.php\/wp-json\/wp\/v2\/pages"}],"about":[{"href":"https:\/\/ozganyapi.com\/index.php\/wp-json\/wp\/v2\/types\/page"}],"author":[{"embeddable":true,"href":"https:\/\/ozganyapi.com\/index.php\/wp-json\/wp\/v2\/users\/1"}],"replies":[{"embeddable":true,"href":"https:\/\/ozganyapi.com\/index.php\/wp-json\/wp\/v2\/comments?post=120"}],"version-history":[{"count":8,"href":"https:\/\/ozganyapi.com\/index.php\/wp-json\/wp\/v2\/pages\/120\/revisions"}],"predecessor-version":[{"id":500,"href":"https:\/\/ozganyapi.com\/index.php\/wp-json\/wp\/v2\/pages\/120\/revisions\/500"}],"wp:attachment":[{"href":"https:\/\/ozganyapi.com\/index.php\/wp-json\/wp\/v2\/media?parent=120"}],"curies":[{"name":"wp","href":"https:\/\/api.w.org\/{rel}","templated":true}]}}