{"id":225,"date":"2024-10-01T08:22:40","date_gmt":"2024-10-01T05:22:40","guid":{"rendered":"https:\/\/ozganyapi.com\/?page_id=225"},"modified":"2025-01-28T02:10:50","modified_gmt":"2025-01-27T23:10:50","slug":"all-completed-project-4","status":"publish","type":"page","link":"https:\/\/ozganyapi.com\/index.php\/all-completed-project-4\/","title":{"rendered":"Tamamlanan T\u00fcm Projeler"},"content":{"rendered":"\n<p>2015 y\u0131l\u0131nda kurulan OZGAN YAPI PEYZAJ LTD. \u015eti. olarak hem peyzaj, hem tar\u0131m, hem enerji, hem de madencilik konular\u0131nda \u00e7al\u0131\u015fmalar y\u00fcr\u00fctmekteyiz.<\/p>\n\n\n\n<p>Enerji ve madencilik alan\u0131nda K\u0131rg\u0131zistan ve Kazakistan&#8217;da Jeotermal ve Serac\u0131l\u0131k konular\u0131nda proje ve uygulama faaliyetleri y\u00fcr\u00fct\u00fcyoruz.<\/p>\n\n\n\n<p>Ayn\u0131 zamanda, bu b\u00f6lgeler kimyadaki 118 elementin %90&#8217;\u0131ndan fazlas\u0131na sahiptir. Bu elementleri do\u011fru \u015firketlerle, yurt i\u00e7i ve yurt d\u0131\u015f\u0131ndaki pazarlarla bir araya getirmek i\u00e7in dan\u0131\u015fmanl\u0131k ve ortakl\u0131k hizmeti sunmaktay\u0131z.<\/p>\n\n\n\n<p>Bu k\u0131ymetli madenlerin de\u011ferli ve k\u0131ymetli firmalar taraf\u0131ndan i\u015fletilmesi veya projelendirilmesi, yat\u0131r\u0131m yap\u0131lmas\u0131 ve sat\u0131n al\u0131nmas\u0131 y\u00f6n\u00fcnde dan\u0131\u015fmanl\u0131k faaliyetlerimizi s\u00fcrd\u00fcrmekteyiz.<br>B\u00f6lgede yap\u0131lan proje \u00e7izimlerinden \u00f6rnekler;<\/p>\n\n\n\n<figure class=\"wp-block-embed is-type-video is-provider-youtube wp-block-embed-youtube wp-embed-aspect-16-9 wp-has-aspect-ratio\"><div class=\"wp-block-embed__wrapper\">\n<iframe loading=\"lazy\" title=\"Kazakistan \u00c7imkent Jeotermal Sera Projesi\" width=\"1040\" height=\"585\" src=\"https:\/\/www.youtube.com\/embed\/ZpQW40vTgMc?feature=oembed\" frameborder=\"0\" allow=\"accelerometer; autoplay; clipboard-write; encrypted-media; gyroscope; picture-in-picture; web-share\" referrerpolicy=\"strict-origin-when-cross-origin\" allowfullscreen><\/iframe>\n<\/div><\/figure>\n\n\n\n<figure class=\"wp-block-embed is-type-video is-provider-youtube wp-block-embed-youtube wp-embed-aspect-16-9 wp-has-aspect-ratio\"><div class=\"wp-block-embed__wrapper\">\n<iframe loading=\"lazy\" title=\"K\u0131rg\u0131zistan OSH\/NOOKAT Jeotermal Sera Projesi\" width=\"1040\" height=\"585\" src=\"https:\/\/www.youtube.com\/embed\/a1gML-sgepw?feature=oembed\" frameborder=\"0\" allow=\"accelerometer; autoplay; clipboard-write; encrypted-media; gyroscope; picture-in-picture; web-share\" referrerpolicy=\"strict-origin-when-cross-origin\" allowfullscreen><\/iframe>\n<\/div><\/figure>\n\n\n\n<figure class=\"wp-block-embed is-type-video is-provider-youtube wp-block-embed-youtube wp-embed-aspect-16-9 wp-has-aspect-ratio\"><div class=\"wp-block-embed__wrapper\">\n<iframe loading=\"lazy\" title=\"Kazakistan \u00c7imkent Jeotermal Sera Projesi\" width=\"1040\" height=\"585\" src=\"https:\/\/www.youtube.com\/embed\/97dVmN1C32w?feature=oembed\" frameborder=\"0\" allow=\"accelerometer; autoplay; clipboard-write; encrypted-media; gyroscope; picture-in-picture; web-share\" referrerpolicy=\"strict-origin-when-cross-origin\" allowfullscreen><\/iframe>\n<\/div><\/figure>\n\n\n\n<p><\/p>\n\n\n\n<h4 class=\"wp-block-heading has-text-align-right\"><a href=\"https:\/\/ozganyapi.com\/index.php\/energy\/\">Enerji ve Maden<\/a><\/h4>\n","protected":false},"excerpt":{"rendered":"<p>2015 y\u0131l\u0131nda kurulan OZGAN YAPI PEYZAJ LTD. \u015eti. olarak hem peyzaj, hem tar\u0131m, hem enerji, hem de madencilik konular\u0131nda \u00e7al\u0131\u015fmalar y\u00fcr\u00fctmekteyiz. Enerji ve madencilik alan\u0131nda<span class=\"more-button\"><a href=\"https:\/\/ozganyapi.com\/index.php\/all-completed-project-4\/\" class=\"more-link\">Continue reading<span class=\"screen-reader-text\">Tamamlanan T\u00fcm Projeler<\/span><\/a><\/span><\/p>\n","protected":false},"author":1,"featured_media":0,"parent":0,"menu_order":0,"comment_status":"closed","ping_status":"closed","template":"","meta":{"footnotes":""},"class_list":["post-225","page","type-page","status-publish","hentry"],"_links":{"self":[{"href":"https:\/\/ozganyapi.com\/index.php\/wp-json\/wp\/v2\/pages\/225","targetHints":{"allow":["GET"]}}],"collection":[{"href":"https:\/\/ozganyapi.com\/index.php\/wp-json\/wp\/v2\/pages"}],"about":[{"href":"https:\/\/ozganyapi.com\/index.php\/wp-json\/wp\/v2\/types\/page"}],"author":[{"embeddable":true,"href":"https:\/\/ozganyapi.com\/index.php\/wp-json\/wp\/v2\/users\/1"}],"replies":[{"embeddable":true,"href":"https:\/\/ozganyapi.com\/index.php\/wp-json\/wp\/v2\/comments?post=225"}],"version-history":[{"count":7,"href":"https:\/\/ozganyapi.com\/index.php\/wp-json\/wp\/v2\/pages\/225\/revisions"}],"predecessor-version":[{"id":510,"href":"https:\/\/ozganyapi.com\/index.php\/wp-json\/wp\/v2\/pages\/225\/revisions\/510"}],"wp:attachment":[{"href":"https:\/\/ozganyapi.com\/index.php\/wp-json\/wp\/v2\/media?parent=225"}],"curies":[{"name":"wp","href":"https:\/\/api.w.org\/{rel}","templated":true}]}}