{"id":247,"date":"2024-10-01T08:45:35","date_gmt":"2024-10-01T05:45:35","guid":{"rendered":"https:\/\/ozganyapi.com\/index.php\/front_page\/"},"modified":"2025-01-27T15:44:19","modified_gmt":"2025-01-27T12:44:19","slug":"front_page","status":"publish","type":"page","link":"https:\/\/ozganyapi.com\/","title":{"rendered":"ANA SAYFA"},"content":{"rendered":"\n<h2 class=\"wp-block-heading\">Ozgan Yap\u0131 gelece\u011fe de\u011fer kat\u0131yor\u2026<\/h2>\n\n\n\n<h3 class=\"wp-block-heading has-text-align-center\"><strong>\u0130n\u015faat ve taahh\u00fct alan\u0131ndaki ba\u015far\u0131s\u0131n\u0131 ula\u015f\u0131m, teknoloji, enerji, tar\u0131m ve sera sekt\u00f6rlerindeki yat\u0131r\u0131mlar\u0131yla peki\u015ftiren Ozgan Yap\u0131, 22 y\u0131la yakla\u015fan tecr\u00fcbesiyle T\u00fcrkiye&#8217;nin ve d\u00fcnyan\u0131n bir\u00e7ok farkl\u0131 noktas\u0131nda b\u00fcy\u00fcmeye devam ediyor.<\/strong><\/h3>\n<script>\ndocument.addEventListener(\"DOMContentLoaded\", function(event) {\n     \n document.querySelector(\"#footer-left-content\").innerHTML = ' Copyright \u00a9 2012 <a href=\"https:\/\/ozganyapi.com\/\">Ozgan Construction LLC.<\/a>. All Rights Reserved.';\n\t \t\t\n});\n\n\n<\/script>\n\n\n\n<figure class=\"wp-block-embed is-type-video is-provider-youtube wp-block-embed-youtube wp-embed-aspect-16-9 wp-has-aspect-ratio\"><div class=\"wp-block-embed__wrapper\">\n<iframe loading=\"lazy\" title=\"Ozgan Yap\u0131\" width=\"1040\" height=\"585\" src=\"https:\/\/www.youtube.com\/embed\/rMdFGg3dTCE?feature=oembed\" frameborder=\"0\" allow=\"accelerometer; autoplay; clipboard-write; encrypted-media; gyroscope; picture-in-picture; web-share\" referrerpolicy=\"strict-origin-when-cross-origin\" allowfullscreen><\/iframe>\n<\/div><\/figure>\n","protected":false},"excerpt":{"rendered":"<p>Ozgan Yap\u0131 gelece\u011fe de\u011fer kat\u0131yor\u2026 \u0130n\u015faat ve taahh\u00fct alan\u0131ndaki ba\u015far\u0131s\u0131n\u0131 ula\u015f\u0131m, teknoloji, enerji, tar\u0131m ve sera sekt\u00f6rlerindeki yat\u0131r\u0131mlar\u0131yla peki\u015ftiren Ozgan Yap\u0131, 22 y\u0131la yakla\u015fan tecr\u00fcbesiyle<span class=\"more-button\"><a href=\"https:\/\/ozganyapi.com\/\" class=\"more-link\">Continue reading<span class=\"screen-reader-text\">ANA SAYFA<\/span><\/a><\/span><\/p>\n","protected":false},"author":1,"featured_media":0,"parent":0,"menu_order":0,"comment_status":"closed","ping_status":"closed","template":"","meta":{"footnotes":""},"class_list":["post-247","page","type-page","status-publish","hentry"],"_links":{"self":[{"href":"https:\/\/ozganyapi.com\/index.php\/wp-json\/wp\/v2\/pages\/247","targetHints":{"allow":["GET"]}}],"collection":[{"href":"https:\/\/ozganyapi.com\/index.php\/wp-json\/wp\/v2\/pages"}],"about":[{"href":"https:\/\/ozganyapi.com\/index.php\/wp-json\/wp\/v2\/types\/page"}],"author":[{"embeddable":true,"href":"https:\/\/ozganyapi.com\/index.php\/wp-json\/wp\/v2\/users\/1"}],"replies":[{"embeddable":true,"href":"https:\/\/ozganyapi.com\/index.php\/wp-json\/wp\/v2\/comments?post=247"}],"version-history":[{"count":5,"href":"https:\/\/ozganyapi.com\/index.php\/wp-json\/wp\/v2\/pages\/247\/revisions"}],"predecessor-version":[{"id":409,"href":"https:\/\/ozganyapi.com\/index.php\/wp-json\/wp\/v2\/pages\/247\/revisions\/409"}],"wp:attachment":[{"href":"https:\/\/ozganyapi.com\/index.php\/wp-json\/wp\/v2\/media?parent=247"}],"curies":[{"name":"wp","href":"https:\/\/api.w.org\/{rel}","templated":true}]}}